{"id":8,"date":"2019-11-25T18:28:18","date_gmt":"2019-11-25T18:28:18","guid":{"rendered":"http:\/\/munchsommer.dk\/?page_id=8"},"modified":"2026-03-08T09:01:18","modified_gmt":"2026-03-08T09:01:18","slug":"8-2","status":"publish","type":"page","link":"http:\/\/munchsommer.dk\/","title":{"rendered":"Kalender booking"},"content":{"rendered":"\n<div class=\"wp-block-booking-booking\"> <div id=\"form_id837244765656\" class=\"wpdevelop\"><form  id=\"booking_form1\"   class=\"booking_form vertical\" method=\"post\" action=\"\"><div id=\"ajax_respond_insert1\" class=\"ajax_respond_insert\" style=\"display:none;\"><\/div><a name=\"bklnk1\" id=\"bklnk1\"><\/a><div id=\"booking_form_div1\" class=\"booking_form_div\"><div class=\"wpbc_booking_form_structure wpbc_vertical\">\n  <div class=\"wpbc_structure_calendar\">\n    <div class=\"bk_calendar_frame months_num_in_row_ cal_month_num_1 wpbc_timeslot_day_bg_as_available\" style=\"width:284px;\"><div id=\"calendar_booking1\">Kalender er ved at loade...<\/div><\/div><div style=\"font-size:9px;text-align:left;margin-top:3px;\">Powered by <a style=\"font-size:9px;\" href=\"https:\/\/wpbookingcalendar.com\" target=\"_blank\" title=\"Booking Calendar plugin for WordPress\">Booking Calendar<\/a><\/div><textarea id=\"date_booking1\" name=\"date_booking1\" autocomplete=\"off\" style=\"display:none;\"><\/textarea>\n  <\/div>\n  <div class=\"wpbc_structure_form\">\n  <div class=\"form-group\">  <label for=\"name1\" class=\"control-label\">Fornavn*:<\/label>   <div class=\"controls\">   <input type=\"text\" name=\"name1\" id=\"name1\" class=\"input-xlarge wpdev-validates-as-required\" \/><\/div><\/div>  <div class=\"form-group\">  <label for=\"secondname1\" class=\"control-label\">Efternavn*:<\/label>   <div class=\"controls\">   <input type=\"text\" name=\"secondname1\" id=\"secondname1\" class=\"input-xlarge wpdev-validates-as-required\" \/><\/div><\/div>  <div class=\"form-group\">  <label for=\"email1\" class=\"control-label\">Email*:<\/label>   <div class=\"controls\">   <input type=\"text\" name=\"email1\" id=\"email1\" class=\"input-xlarge wpdev-validates-as-email wpdev-validates-as-required wpdev-validates-as-required\" \/><\/div><\/div>  <div class=\"form-group\">  <label for=\"details1\" class=\"control-label\">Detaljer:<\/label>   <div class=\"controls\">   <textarea  rows=\"3\" name=\"details1\" id=\"details1\" class=\"input-xlarge\" ><\/textarea><\/div><\/div><div class=\"form-group\"><\/div>\n<div class=\"form-group\"><button class=\"btn btn-default\" type=\"button\" onclick=\"mybooking_submit(this.form,1,'da_DK');\" >Send<\/button><\/div>\n  <\/div>\n<\/div>\n<div class=\"wpbc_booking_form_footer\"><\/div><input id=\"bk_type1\" name=\"bk_type1\" class=\"\" type=\"hidden\" value=\"1\" \/><\/div><div id=\"submiting1\"><\/div><div class=\"form_bk_messages\" id=\"form_bk_messages1\" ><\/div><input type=\"hidden\" id=\"wpbc_nonce1\" name=\"wpbc_nonce1\" value=\"9a21e703fb\" \/><input type=\"hidden\" name=\"_wp_http_referer\" value=\"\/index.php?rest_route=%2Fwp%2Fv2%2Fpages%2F8\" \/><input type=\"hidden\" id=\"wpbc_nonceCALCULATE_THE_COST1\" name=\"wpbc_nonceCALCULATE_THE_COST1\" value=\"674b1b78c5\" \/><input type=\"hidden\" name=\"_wp_http_referer\" value=\"\/index.php?rest_route=%2Fwp%2Fv2%2Fpages%2F8\" \/><\/form><\/div><div id=\"booking_form_garbage1\" class=\"booking_form_garbage\"><\/div><script type=\"text\/javascript\">\n                                jQuery(document).ready( function(){\n                                    jQuery(\".widget_wpdev_booking .booking_form.form-horizontal\").removeClass(\"form-horizontal\");\n                                    var visible_booking_id_on_page_num = visible_booking_id_on_page.length;\n                                    if (visible_booking_id_on_page_num !== null ) {\n                                        for (var i=0;i< visible_booking_id_on_page_num ;i++){\n                                          if ( visible_booking_id_on_page[i]==\"booking_form_div1\" ) {\n                                              document.getElementById(\"form_id837244765656\").innerHTML = \"<span style='color:#A00;font-size:10px;'>Advarsel! Reserveringskalender for denne reserveringsressource er allerede p\u00e5 siden, L\u00e6s venligst mere om dette p\u00e5 denne side: https:\/\/wpbookingcalendar.com\/faq\/why-the-booking-calendar-widget-not-show-on-page\/<\/span>\";                                                                                                  \n                                              jQuery(\"#form_id837244765656\").animate( {opacity: 1}, 10000 ).fadeOut(5000);\n                                              return;\n                                          }\n                                        }\n                                        visible_booking_id_on_page[ visible_booking_id_on_page_num ]=\"booking_form_div1\";\n                                    }\n                                });\n                            <\/script> <script type='text\/javascript'>  jQuery(document).ready( function(){  date_admin_blank[1] = [];  date2approve[1] = [];  var date_approved_par = []; if (typeof( date_approved_par[ '5-23-2026' ] ) == 'undefined'){  date_approved_par[ '5-23-2026' ] = [];}  date_approved_par[ '5-23-2026' ][  date_approved_par['5-23-2026'].length  ] = [5,23,2026, 0, 0, 0]; if (typeof( date_approved_par[ '5-24-2026' ] ) == 'undefined'){  date_approved_par[ '5-24-2026' ] = [];}  date_approved_par[ '5-24-2026' ][  date_approved_par['5-24-2026'].length  ] = [5,24,2026, 0, 0, 0]; if (typeof( date_approved_par[ '5-25-2026' ] ) == 'undefined'){  date_approved_par[ '5-25-2026' ] = [];}  date_approved_par[ '5-25-2026' ][  date_approved_par['5-25-2026'].length  ] = [5,25,2026, 0, 0, 0]; if (typeof( date_approved_par[ '5-26-2026' ] ) == 'undefined'){  date_approved_par[ '5-26-2026' ] = [];}  date_approved_par[ '5-26-2026' ][  date_approved_par['5-26-2026'].length  ] = [5,26,2026, 0, 0, 0]; if (typeof( date_approved_par[ '6-10-2026' ] ) == 'undefined'){  date_approved_par[ '6-10-2026' ] = [];}  date_approved_par[ '6-10-2026' ][  date_approved_par['6-10-2026'].length  ] = [6,10,2026, 0, 0, 0]; if (typeof( date_approved_par[ '6-11-2026' ] ) == 'undefined'){  date_approved_par[ '6-11-2026' ] = [];}  date_approved_par[ '6-11-2026' ][  date_approved_par['6-11-2026'].length  ] = [6,11,2026, 0, 0, 0]; if (typeof( date_approved_par[ '6-12-2026' ] ) == 'undefined'){  date_approved_par[ '6-12-2026' ] = [];}  date_approved_par[ '6-12-2026' ][  date_approved_par['6-12-2026'].length  ] = [6,12,2026, 0, 0, 0]; if (typeof( date_approved_par[ '6-13-2026' ] ) == 'undefined'){  date_approved_par[ '6-13-2026' ] = [];}  date_approved_par[ '6-13-2026' ][  date_approved_par['6-13-2026'].length  ] = [6,13,2026, 0, 0, 0]; if (typeof( date_approved_par[ '6-14-2026' ] ) == 'undefined'){  date_approved_par[ '6-14-2026' ] = [];}  date_approved_par[ '6-14-2026' ][  date_approved_par['6-14-2026'].length  ] = [6,14,2026, 0, 0, 0]; if (typeof( date_approved_par[ '7-5-2026' ] ) == 'undefined'){  date_approved_par[ '7-5-2026' ] = [];}  date_approved_par[ '7-5-2026' ][  date_approved_par['7-5-2026'].length  ] = [7,5,2026, 0, 0, 0]; if (typeof( date_approved_par[ '7-6-2026' ] ) == 'undefined'){  date_approved_par[ '7-6-2026' ] = [];}  date_approved_par[ '7-6-2026' ][  date_approved_par['7-6-2026'].length  ] = [7,6,2026, 0, 0, 0]; if (typeof( date_approved_par[ '7-7-2026' ] ) == 'undefined'){  date_approved_par[ '7-7-2026' ] = [];}  date_approved_par[ '7-7-2026' ][  date_approved_par['7-7-2026'].length  ] = [7,7,2026, 0, 0, 0]; if (typeof( date_approved_par[ '7-8-2026' ] ) == 'undefined'){  date_approved_par[ '7-8-2026' ] = [];}  date_approved_par[ '7-8-2026' ][  date_approved_par['7-8-2026'].length  ] = [7,8,2026, 0, 0, 0]; if (typeof( date_approved_par[ '7-9-2026' ] ) == 'undefined'){  date_approved_par[ '7-9-2026' ] = [];}  date_approved_par[ '7-9-2026' ][  date_approved_par['7-9-2026'].length  ] = [7,9,2026, 0, 0, 0]; if (typeof( date_approved_par[ '7-10-2026' ] ) == 'undefined'){  date_approved_par[ '7-10-2026' ] = [];}  date_approved_par[ '7-10-2026' ][  date_approved_par['7-10-2026'].length  ] = [7,10,2026, 0, 0, 0]; if (typeof( date_approved_par[ '7-11-2026' ] ) == 'undefined'){  date_approved_par[ '7-11-2026' ] = [];}  date_approved_par[ '7-11-2026' ][  date_approved_par['7-11-2026'].length  ] = [7,11,2026, 0, 0, 0]; if (typeof( date_approved_par[ '7-12-2026' ] ) == 'undefined'){  date_approved_par[ '7-12-2026' ] = [];}  date_approved_par[ '7-12-2026' ][  date_approved_par['7-12-2026'].length  ] = [7,12,2026, 0, 0, 0]; if (typeof( date_approved_par[ '7-13-2026' ] ) == 'undefined'){  date_approved_par[ '7-13-2026' ] = [];}  date_approved_par[ '7-13-2026' ][  date_approved_par['7-13-2026'].length  ] = [7,13,2026, 0, 0, 0]; if (typeof( date_approved_par[ '7-14-2026' ] ) == 'undefined'){  date_approved_par[ '7-14-2026' ] = [];}  date_approved_par[ '7-14-2026' ][  date_approved_par['7-14-2026'].length  ] = [7,14,2026, 0, 0, 0]; if (typeof( date_approved_par[ '7-15-2026' ] ) == 'undefined'){  date_approved_par[ '7-15-2026' ] = [];}  date_approved_par[ '7-15-2026' ][  date_approved_par['7-15-2026'].length  ] = [7,15,2026, 0, 0, 0]; if (typeof( date_approved_par[ '7-16-2026' ] ) == 'undefined'){  date_approved_par[ '7-16-2026' ] = [];}  date_approved_par[ '7-16-2026' ][  date_approved_par['7-16-2026'].length  ] = [7,16,2026, 0, 0, 0]; if (typeof( date_approved_par[ '7-17-2026' ] ) == 'undefined'){  date_approved_par[ '7-17-2026' ] = [];}  date_approved_par[ '7-17-2026' ][  date_approved_par['7-17-2026'].length  ] = [7,17,2026, 0, 0, 0]; if (typeof( date_approved_par[ '7-18-2026' ] ) == 'undefined'){  date_approved_par[ '7-18-2026' ] = [];}  date_approved_par[ '7-18-2026' ][  date_approved_par['7-18-2026'].length  ] = [7,18,2026, 0, 0, 0]; if (typeof( date_approved_par[ '7-19-2026' ] ) == 'undefined'){  date_approved_par[ '7-19-2026' ] = [];}  date_approved_par[ '7-19-2026' ][  date_approved_par['7-19-2026'].length  ] = [7,19,2026, 0, 0, 0]; if (typeof( date_approved_par[ '7-20-2026' ] ) == 'undefined'){  date_approved_par[ '7-20-2026' ] = [];}  date_approved_par[ '7-20-2026' ][  date_approved_par['7-20-2026'].length  ] = [7,20,2026, 0, 0, 0]; if (typeof( date_approved_par[ '7-21-2026' ] ) == 'undefined'){  date_approved_par[ '7-21-2026' ] = [];}  date_approved_par[ '7-21-2026' ][  date_approved_par['7-21-2026'].length  ] = [7,21,2026, 0, 0, 0]; if (typeof( date_approved_par[ '7-22-2026' ] ) == 'undefined'){  date_approved_par[ '7-22-2026' ] = [];}  date_approved_par[ '7-22-2026' ][  date_approved_par['7-22-2026'].length  ] = [7,22,2026, 0, 0, 0]; if (typeof( date_approved_par[ '7-23-2026' ] ) == 'undefined'){  date_approved_par[ '7-23-2026' ] = [];}  date_approved_par[ '7-23-2026' ][  date_approved_par['7-23-2026'].length  ] = [7,23,2026, 0, 0, 0]; if (typeof( date_approved_par[ '7-24-2026' ] ) == 'undefined'){  date_approved_par[ '7-24-2026' ] = [];}  date_approved_par[ '7-24-2026' ][  date_approved_par['7-24-2026'].length  ] = [7,24,2026, 0, 0, 0]; if (typeof( date_approved_par[ '7-25-2026' ] ) == 'undefined'){  date_approved_par[ '7-25-2026' ] = [];}  date_approved_par[ '7-25-2026' ][  date_approved_par['7-25-2026'].length  ] = [7,25,2026, 0, 0, 0]; if (typeof( date_approved_par[ '7-26-2026' ] ) == 'undefined'){  date_approved_par[ '7-26-2026' ] = [];}  date_approved_par[ '7-26-2026' ][  date_approved_par['7-26-2026'].length  ] = [7,26,2026, 0, 0, 0]; if (typeof( date_approved_par[ '7-27-2026' ] ) == 'undefined'){  date_approved_par[ '7-27-2026' ] = [];}  date_approved_par[ '7-27-2026' ][  date_approved_par['7-27-2026'].length  ] = [7,27,2026, 0, 0, 0]; if (typeof( date_approved_par[ '7-28-2026' ] ) == 'undefined'){  date_approved_par[ '7-28-2026' ] = [];}  date_approved_par[ '7-28-2026' ][  date_approved_par['7-28-2026'].length  ] = [7,28,2026, 0, 0, 0]; if (typeof( date_approved_par[ '7-29-2026' ] ) == 'undefined'){  date_approved_par[ '7-29-2026' ] = [];}  date_approved_par[ '7-29-2026' ][  date_approved_par['7-29-2026'].length  ] = [7,29,2026, 0, 0, 0]; if (typeof( date_approved_par[ '7-30-2026' ] ) == 'undefined'){  date_approved_par[ '7-30-2026' ] = [];}  date_approved_par[ '7-30-2026' ][  date_approved_par['7-30-2026'].length  ] = [7,30,2026, 0, 0, 0]; if (typeof( date_approved_par[ '7-31-2026' ] ) == 'undefined'){  date_approved_par[ '7-31-2026' ] = [];}  date_approved_par[ '7-31-2026' ][  date_approved_par['7-31-2026'].length  ] = [7,31,2026, 0, 0, 0]; if (typeof( date_approved_par[ '8-1-2026' ] ) == 'undefined'){  date_approved_par[ '8-1-2026' ] = [];}  date_approved_par[ '8-1-2026' ][  date_approved_par['8-1-2026'].length  ] = [8,1,2026, 0, 0, 0]; if (typeof( date_approved_par[ '8-2-2026' ] ) == 'undefined'){  date_approved_par[ '8-2-2026' ] = [];}  date_approved_par[ '8-2-2026' ][  date_approved_par['8-2-2026'].length  ] = [8,2,2026, 0, 0, 0]; if (typeof( date_approved_par[ '8-3-2026' ] ) == 'undefined'){  date_approved_par[ '8-3-2026' ] = [];}  date_approved_par[ '8-3-2026' ][  date_approved_par['8-3-2026'].length  ] = [8,3,2026, 0, 0, 0]; if (typeof( date_approved_par[ '8-4-2026' ] ) == 'undefined'){  date_approved_par[ '8-4-2026' ] = [];}  date_approved_par[ '8-4-2026' ][  date_approved_par['8-4-2026'].length  ] = [8,4,2026, 0, 0, 0]; if (typeof( date_approved_par[ '8-5-2026' ] ) == 'undefined'){  date_approved_par[ '8-5-2026' ] = [];}  date_approved_par[ '8-5-2026' ][  date_approved_par['8-5-2026'].length  ] = [8,5,2026, 0, 0, 0]; if (typeof( date_approved_par[ '8-6-2026' ] ) == 'undefined'){  date_approved_par[ '8-6-2026' ] = [];}  date_approved_par[ '8-6-2026' ][  date_approved_par['8-6-2026'].length  ] = [8,6,2026, 0, 0, 0]; if (typeof( date_approved_par[ '8-7-2026' ] ) == 'undefined'){  date_approved_par[ '8-7-2026' ] = [];}  date_approved_par[ '8-7-2026' ][  date_approved_par['8-7-2026'].length  ] = [8,7,2026, 0, 0, 0]; if (typeof( date_approved_par[ '8-8-2026' ] ) == 'undefined'){  date_approved_par[ '8-8-2026' ] = [];}  date_approved_par[ '8-8-2026' ][  date_approved_par['8-8-2026'].length  ] = [8,8,2026, 0, 0, 0]; if (typeof( date_approved_par[ '8-9-2026' ] ) == 'undefined'){  date_approved_par[ '8-9-2026' ] = [];}  date_approved_par[ '8-9-2026' ][  date_approved_par['8-9-2026'].length  ] = [8,9,2026, 0, 0, 0]; if (typeof( date_approved_par[ '8-20-2026' ] ) == 'undefined'){  date_approved_par[ '8-20-2026' ] = [];}  date_approved_par[ '8-20-2026' ][  date_approved_par['8-20-2026'].length  ] = [8,20,2026, 0, 0, 0]; if (typeof( date_approved_par[ '8-21-2026' ] ) == 'undefined'){  date_approved_par[ '8-21-2026' ] = [];}  date_approved_par[ '8-21-2026' ][  date_approved_par['8-21-2026'].length  ] = [8,21,2026, 0, 0, 0]; if (typeof( date_approved_par[ '8-22-2026' ] ) == 'undefined'){  date_approved_par[ '8-22-2026' ] = [];}  date_approved_par[ '8-22-2026' ][  date_approved_par['8-22-2026'].length  ] = [8,22,2026, 0, 0, 0]; if (typeof( date_approved_par[ '8-23-2026' ] ) == 'undefined'){  date_approved_par[ '8-23-2026' ] = [];}  date_approved_par[ '8-23-2026' ][  date_approved_par['8-23-2026'].length  ] = [8,23,2026, 0, 0, 0]; if (typeof( date_approved_par[ '8-24-2026' ] ) == 'undefined'){  date_approved_par[ '8-24-2026' ] = [];}  date_approved_par[ '8-24-2026' ][  date_approved_par['8-24-2026'].length  ] = [8,24,2026, 0, 0, 0]; if (typeof( date_approved_par[ '8-27-2026' ] ) == 'undefined'){  date_approved_par[ '8-27-2026' ] = [];}  date_approved_par[ '8-27-2026' ][  date_approved_par['8-27-2026'].length  ] = [8,27,2026, 0, 0, 0]; if (typeof( date_approved_par[ '8-28-2026' ] ) == 'undefined'){  date_approved_par[ '8-28-2026' ] = [];}  date_approved_par[ '8-28-2026' ][  date_approved_par['8-28-2026'].length  ] = [8,28,2026, 0, 0, 0]; if (typeof( date_approved_par[ '8-29-2026' ] ) == 'undefined'){  date_approved_par[ '8-29-2026' ] = [];}  date_approved_par[ '8-29-2026' ][  date_approved_par['8-29-2026'].length  ] = [8,29,2026, 0, 0, 0]; if (typeof( date_approved_par[ '8-30-2026' ] ) == 'undefined'){  date_approved_par[ '8-30-2026' ] = [];}  date_approved_par[ '8-30-2026' ][  date_approved_par['8-30-2026'].length  ] = [8,30,2026, 0, 0, 0];  init_datepick_cal('1', date_approved_par, 1 , 1, false   );  }); <\/script><\/div>\n\n\n\n<div class=\"wp-block-button\"><a class=\"wp-block-button__link\" href=\"http:\/\/munchsommer.dk\/wp-admin\/admin.php?page=wpbc\">Se mere<\/a><\/div>\n\n\n\n<p><\/p>\n","protected":false},"excerpt":{"rendered":"","protected":false},"author":1,"featured_media":0,"parent":0,"menu_order":0,"comment_status":"closed","ping_status":"closed","template":"templates\/home-template.php","meta":[],"_links":{"self":[{"href":"http:\/\/munchsommer.dk\/index.php?rest_route=\/wp\/v2\/pages\/8"}],"collection":[{"href":"http:\/\/munchsommer.dk\/index.php?rest_route=\/wp\/v2\/pages"}],"about":[{"href":"http:\/\/munchsommer.dk\/index.php?rest_route=\/wp\/v2\/types\/page"}],"author":[{"embeddable":true,"href":"http:\/\/munchsommer.dk\/index.php?rest_route=\/wp\/v2\/users\/1"}],"replies":[{"embeddable":true,"href":"http:\/\/munchsommer.dk\/index.php?rest_route=%2Fwp%2Fv2%2Fcomments&post=8"}],"version-history":[{"count":16,"href":"http:\/\/munchsommer.dk\/index.php?rest_route=\/wp\/v2\/pages\/8\/revisions"}],"predecessor-version":[{"id":3491,"href":"http:\/\/munchsommer.dk\/index.php?rest_route=\/wp\/v2\/pages\/8\/revisions\/3491"}],"wp:attachment":[{"href":"http:\/\/munchsommer.dk\/index.php?rest_route=%2Fwp%2Fv2%2Fmedia&parent=8"}],"curies":[{"name":"wp","href":"https:\/\/api.w.org\/{rel}","templated":true}]}}